{"id":1050,"date":"2016-04-08T18:22:21","date_gmt":"2016-04-08T16:22:21","guid":{"rendered":"https:\/\/kerweverein-heimkirchen.de\/?page_id=1050"},"modified":"2016-04-08T22:43:18","modified_gmt":"2016-04-08T20:43:18","slug":"kulinarische-wanderung","status":"publish","type":"page","link":"https:\/\/kerweverein-heimkirchen.de\/?page_id=1050","title":{"rendered":"Gl\u00fchweinfest"},"content":{"rendered":"<p><a href=\"https:\/\/kerweverein-heimkirchen.de\/wp-content\/uploads\/Gl\u00fchweinfest-0251.jpg\" rel=\"attachment wp-att-353\"><img loading=\"lazy\" decoding=\"async\" class=\"wp-image-353 alignright\" src=\"https:\/\/kerweverein-heimkirchen.de\/wp-content\/uploads\/Gl\u00fchweinfest-0251.jpg\" alt=\"Gl\u00fchweinfest 025\" width=\"185\" height=\"247\" \/><\/a>Am dritten Adventssamstag im Jahr wird in Heimkirchen das traditionelle Gl\u00fchweinfest veranstaltet. Neben dem namengebenden Gl\u00fchwein werden auch mehrere wechselnde kulinarische Spezialit\u00e4ten angeboten. So versammeln sich am R\u00f6hrbrunnen in der Dorfmitte regelm\u00e4\u00dfig mehrere ortsans\u00e4ssige wie auch ausw\u00e4rtige Besucher, um im vorwinterlichen Schneetreiben ein paar gesellige Stunden miteinander zu verbringen. Leider hat uns Petrus in den letzten Jahren nicht unbedingt mit winterlichen Temperaturen begl\u00fcckt, sodass das Gl\u00fchweinfest aufgrund der ung\u00fcnstigen Witterungsbedingungen und mehr als 15\u00b0 C leider ausfallen musste.<\/p>\n<p>Das Gl\u00fchweinfest w<a href=\"https:\/\/kerweverein-heimkirchen.de\/wp-content\/uploads\/Gl\u00fchweinfest-0541.jpg\" rel=\"attachment wp-att-355\"><img loading=\"lazy\" decoding=\"async\" class=\"wp-image-355 alignright\" src=\"https:\/\/kerweverein-heimkirchen.de\/wp-content\/uploads\/Gl\u00fchweinfest-0541.jpg\" alt=\"Gl\u00fchweinfest 054\" width=\"254\" height=\"191\" \/><\/a>urde in den vergangenen Jahren regelm\u00e4\u00dfig vom M\u00e4nnergesangverein von Heimkirchen unterst\u00fctzt, der am geschm\u00fcckten Weihnachtsbaum mehrere Weihnachtslieder zum Besten gab und so f\u00fcr besinnliche Stimmung sorgte. Das &#8222;Singen unterm Baum&#8220; fand unter den Zuschauern durchweg positive Resonanz, sodass vorweihnachtliche Stimmung und akustische Wohlkl\u00e4nge an diesem Abend vereinbart werden k\u00f6nnen.<\/p>\n<p>&nbsp;<\/p>\n<p>&nbsp;<\/p>\n","protected":false},"excerpt":{"rendered":"<p>Am dritten Adventssamstag im Jahr wird in Heimkirchen das traditionelle Gl\u00fchweinfest veranstaltet. Neben dem namengebenden Gl\u00fchwein werden auch mehrere wechselnde kulinarische Spezialit\u00e4ten angeboten. So versammeln sich am R\u00f6hrbrunnen in der Dorfmitte regelm\u00e4\u00dfig mehrere ortsans\u00e4ssige wie auch ausw\u00e4rtige Besucher, um im vorwinterlichen Schneetreiben ein paar gesellige Stunden miteinander zu verbringen. Leider hat uns Petrus in den [&hellip;]<\/p>\n","protected":false},"author":2,"featured_media":0,"parent":1038,"menu_order":3,"comment_status":"closed","ping_status":"closed","template":"","meta":{"footnotes":""},"class_list":["post-1050","page","type-page","status-publish","hentry"],"_links":{"self":[{"href":"https:\/\/kerweverein-heimkirchen.de\/index.php?rest_route=\/wp\/v2\/pages\/1050","targetHints":{"allow":["GET"]}}],"collection":[{"href":"https:\/\/kerweverein-heimkirchen.de\/index.php?rest_route=\/wp\/v2\/pages"}],"about":[{"href":"https:\/\/kerweverein-heimkirchen.de\/index.php?rest_route=\/wp\/v2\/types\/page"}],"author":[{"embeddable":true,"href":"https:\/\/kerweverein-heimkirchen.de\/index.php?rest_route=\/wp\/v2\/users\/2"}],"replies":[{"embeddable":true,"href":"https:\/\/kerweverein-heimkirchen.de\/index.php?rest_route=%2Fwp%2Fv2%2Fcomments&post=1050"}],"version-history":[{"count":0,"href":"https:\/\/kerweverein-heimkirchen.de\/index.php?rest_route=\/wp\/v2\/pages\/1050\/revisions"}],"up":[{"embeddable":true,"href":"https:\/\/kerweverein-heimkirchen.de\/index.php?rest_route=\/wp\/v2\/pages\/1038"}],"wp:attachment":[{"href":"https:\/\/kerweverein-heimkirchen.de\/index.php?rest_route=%2Fwp%2Fv2%2Fmedia&parent=1050"}],"curies":[{"name":"wp","href":"https:\/\/api.w.org\/{rel}","templated":true}]}}